[INFO] cloning repository https://github.com/fabianboesiger/idle-game
[INFO] running `Command { std: "git" "-c" "credential.helper=" "-c" "credential.helper=/workspace/cargo-home/bin/git-credential-null" "clone" "--bare" "https://github.com/fabianboesiger/idle-game" "/workspace/cache/git-repos/https%3A%2F%2Fgithub.com%2Ffabianboesiger%2Fidle-game", kill_on_drop: false }`
[INFO] [stderr] Cloning into bare repository '/workspace/cache/git-repos/https%3A%2F%2Fgithub.com%2Ffabianboesiger%2Fidle-game'...
[INFO] running `Command { std: "git" "rev-parse" "HEAD", kill_on_drop: false }`
[INFO] [stdout] be1ae5cd15371532ddb2fa6c5a416c4575952b62
[INFO] building fabianboesiger/idle-game against master#ff34b919075f35a1787659e9c448a34b06bab8de for issue-85264
[INFO] running `Command { std: "git" "clone" "/workspace/cache/git-repos/https%3A%2F%2Fgithub.com%2Ffabianboesiger%2Fidle-game" "/workspace/builds/worker-13/source", kill_on_drop: false }`
[INFO] [stderr] Cloning into '/workspace/builds/worker-13/source'...
[INFO] [stderr] done.
[INFO] validating manifest of git repo https://github.com/fabianboesiger/idle-game on toolchain ff34b919075f35a1787659e9c448a34b06bab8de
[INFO] running `Command { std: "/workspace/cargo-home/bin/cargo" "+ff34b919075f35a1787659e9c448a34b06bab8de" "metadata" "--manifest-path" "Cargo.toml" "--no-deps", kill_on_drop: false }`
[INFO] started tweaking git repo https://github.com/fabianboesiger/idle-game
[INFO] finished tweaking git repo https://github.com/fabianboesiger/idle-game
[INFO] tweaked toml for git repo https://github.com/fabianboesiger/idle-game written to /workspace/builds/worker-13/source/Cargo.toml
[INFO] crate git repo https://github.com/fabianboesiger/idle-game already has a lockfile, it will not be regenerated
[INFO] running `Command { std: "/workspace/cargo-home/bin/cargo" "+ff34b919075f35a1787659e9c448a34b06bab8de" "fetch" "--manifest-path" "Cargo.toml", kill_on_drop: false }`
[INFO] running `Command { std: "docker" "create" "-v" "/var/lib/crater-agent-workspace/builds/worker-13/target:/opt/rustwide/target:rw,Z" "-v" "/var/lib/crater-agent-workspace/builds/worker-13/source:/opt/rustwide/workdir:ro,Z" "-v" "/var/lib/crater-agent-workspace/cargo-home:/opt/rustwide/cargo-home:ro,Z" "-v" "/var/lib/crater-agent-workspace/rustup-home:/opt/rustwide/rustup-home:ro,Z" "-e" "SOURCE_DIR=/opt/rustwide/workdir" "-e" "CARGO_TARGET_DIR=/opt/rustwide/target" "-e" "CARGO_HOME=/opt/rustwide/cargo-home" "-e" "RUSTUP_HOME=/opt/rustwide/rustup-home" "-w" "/opt/rustwide/workdir" "-m" "1610612736" "--user" "0:0" "--network" "none" "ghcr.io/rust-lang/crates-build-env/linux@sha256:20528e8c29e4536546f0102ce88568b16ea7538393a33fcca951030f7af10457" "/opt/rustwide/cargo-home/bin/cargo" "+ff34b919075f35a1787659e9c448a34b06bab8de" "metadata" "--no-deps" "--format-version=1", kill_on_drop: false }`
[INFO] [stdout] 9175c578ccf630fbdee364ba840d779d4812bec96b46a1e101adb90d40a550d3
[INFO] [stderr] WARNING: Your kernel does not support swap limit capabilities or the cgroup is not mounted. Memory limited without swap.
[INFO] running `Command { std: "docker" "start" "-a" "9175c578ccf630fbdee364ba840d779d4812bec96b46a1e101adb90d40a550d3", kill_on_drop: false }`
[INFO] running `Command { std: "docker" "inspect" "9175c578ccf630fbdee364ba840d779d4812bec96b46a1e101adb90d40a550d3", kill_on_drop: false }`
[INFO] running `Command { std: "docker" "rm" "-f" "9175c578ccf630fbdee364ba840d779d4812bec96b46a1e101adb90d40a550d3", kill_on_drop: false }`
[INFO] [stdout] 9175c578ccf630fbdee364ba840d779d4812bec96b46a1e101adb90d40a550d3
[INFO] running `Command { std: "docker" "create" "-v" "/var/lib/crater-agent-workspace/builds/worker-13/target:/opt/rustwide/target:rw,Z" "-v" "/var/lib/crater-agent-workspace/builds/worker-13/source:/opt/rustwide/workdir:ro,Z" "-v" "/var/lib/crater-agent-workspace/cargo-home:/opt/rustwide/cargo-home:ro,Z" "-v" "/var/lib/crater-agent-workspace/rustup-home:/opt/rustwide/rustup-home:ro,Z" "-e" "SOURCE_DIR=/opt/rustwide/workdir" "-e" "CARGO_TARGET_DIR=/opt/rustwide/target" "-e" "CARGO_INCREMENTAL=0" "-e" "RUST_BACKTRACE=full" "-e" "RUSTFLAGS=--cap-lints=forbid" "-e" "CARGO_HOME=/opt/rustwide/cargo-home" "-e" "RUSTUP_HOME=/opt/rustwide/rustup-home" "-w" "/opt/rustwide/workdir" "-m" "1610612736" "--user" "0:0" "--network" "none" "ghcr.io/rust-lang/crates-build-env/linux@sha256:20528e8c29e4536546f0102ce88568b16ea7538393a33fcca951030f7af10457" "/opt/rustwide/cargo-home/bin/cargo" "+ff34b919075f35a1787659e9c448a34b06bab8de" "build" "--frozen" "--message-format=json", kill_on_drop: false }`
[INFO] [stdout] 176e0ac35c6750e71d4b74cddf51a2c0af10f5a27ba5bb6ea7782b9112d07e5c
[INFO] [stderr] WARNING: Your kernel does not support swap limit capabilities or the cgroup is not mounted. Memory limited without swap.
[INFO] running `Command { std: "docker" "start" "-a" "176e0ac35c6750e71d4b74cddf51a2c0af10f5a27ba5bb6ea7782b9112d07e5c", kill_on_drop: false }`
[INFO] [stderr]    Compiling libc v0.2.71
[INFO] [stderr]    Compiling version_check v0.9.2
[INFO] [stderr]    Compiling proc-macro2 v1.0.24
[INFO] [stderr]    Compiling autocfg v1.0.0
[INFO] [stderr]    Compiling cfg-if v0.1.10
[INFO] [stderr]    Compiling typenum v1.12.0
[INFO] [stderr]    Compiling once_cell v1.5.2
[INFO] [stderr]    Compiling lazy_static v1.4.0
[INFO] [stderr]    Compiling pin-project-internal v0.4.22
[INFO] [stderr]    Compiling scopeguard v1.1.0
[INFO] [stderr]    Compiling itoa v0.4.6
[INFO] [stderr]    Compiling serde v1.0.112
[INFO] [stderr]    Compiling opaque-debug v0.3.0
[INFO] [stderr]    Compiling arc-swap v0.4.7
[INFO] [stderr]    Compiling cc v1.0.54
[INFO] [stderr]    Compiling futures-sink v0.3.5
[INFO] [stderr]    Compiling matches v0.1.8
[INFO] [stderr]    Compiling proc-macro-nested v0.1.6
[INFO] [stderr]    Compiling ppv-lite86 v0.2.8
[INFO] [stderr]    Compiling proc-macro-hack v0.5.16
[INFO] [stderr]    Compiling getrandom v0.1.14
[INFO] [stderr]    Compiling untrusted v0.7.1
[INFO] [stderr]    Compiling tinyvec v0.3.3
[INFO] [stderr]    Compiling pin-utils v0.1.0
[INFO] [stderr]    Compiling slab v0.4.2
[INFO] [stderr]    Compiling spin v0.5.2
[INFO] [stderr]    Compiling fnv v1.0.7
[INFO] [stderr]    Compiling subtle v2.4.0
[INFO] [stderr]    Compiling ryu v1.0.5
[INFO] [stderr]    Compiling bitflags v1.2.1
[INFO] [stderr]    Compiling httparse v1.3.4
[INFO] [stderr]    Compiling serde_json v1.0.55
[INFO] [stderr]    Compiling byte-tools v0.3.1
[INFO] [stderr]    Compiling maplit v1.0.2
[INFO] [stderr]    Compiling humansize v1.1.0
[INFO] [stderr]    Compiling unicode-segmentation v1.6.0
[INFO] [stderr]    Compiling remove_dir_all v0.5.3
[INFO] [stderr]    Compiling whoami v1.1.0
[INFO] [stderr]    Compiling safemem v0.3.3
[INFO] [stderr]    Compiling askama_escape v0.10.1
[INFO] [stderr]    Compiling hex v0.4.2
[INFO] [stderr]    Compiling opaque-debug v0.2.3
[INFO] [stderr]    Compiling fake-simd v0.1.2
[INFO] [stderr]    Compiling try-lock v0.2.2
[INFO] [stderr]    Compiling tower-service v0.3.0
[INFO] [stderr]    Compiling base64ct v0.2.0
[INFO] [stderr]    Compiling base64 v0.12.2
[INFO] [stderr]    Compiling scoped-tls v1.0.0
[INFO] [stderr]    Compiling instant v0.1.9
[INFO] [stderr]    Compiling input_buffer v0.4.0
[INFO] [stderr]    Compiling thread_local v1.0.1
[INFO] [stderr]    Compiling tracing-core v0.1.17
[INFO] [stderr]    Compiling lock_api v0.4.2
[INFO] [stderr]    Compiling futures-channel v0.3.5
[INFO] [stderr]    Compiling unicode-bidi v0.3.4
[INFO] [stderr]    Compiling form_urlencoded v1.0.0
[INFO] [stderr]    Compiling futures-task v0.3.5
[INFO] [stderr]    Compiling http v0.2.1
[INFO] [stderr]    Compiling hashbrown v0.9.1
[INFO] [stderr]    Compiling block-padding v0.1.5
[INFO] [stderr]    Compiling unicode-normalization v0.1.13
[INFO] [stderr]    Compiling generic-array v0.14.4
[INFO] [stderr]    Compiling unicase v2.6.0
[INFO] [stderr]    Compiling ahash v0.6.3
[INFO] [stderr]    Compiling nom v5.1.2
[INFO] [stderr]    Compiling tokio v1.2.0
[INFO] [stderr]    Compiling num-traits v0.2.12
[INFO] [stderr]    Compiling crossbeam-utils v0.8.1
[INFO] [stderr]    Compiling num-integer v0.1.43
[INFO] [stderr]    Compiling indexmap v1.4.0
[INFO] [stderr]    Compiling log v0.4.8
[INFO] [stderr]    Compiling heck v0.3.1
[INFO] [stderr]    Compiling buf_redux v0.8.4
[INFO] [stderr]    Compiling twoway v0.1.8
[INFO] [stderr]    Compiling regex v1.3.9
[INFO] [stderr]    Compiling hashlink v0.6.0
[INFO] [stderr]    Compiling tracing v0.1.23
[INFO] [stderr]    Compiling want v0.3.0
[INFO] [stderr]    Compiling log v0.3.9
[INFO] [stderr]    Compiling parking_lot_core v0.8.2
[INFO] [stderr]    Compiling getrandom v0.2.2
[INFO] [stderr]    Compiling signal-hook-registry v1.2.0
[INFO] [stderr]    Compiling num_cpus v1.13.0
[INFO] [stderr]    Compiling mio v0.7.7
[INFO] [stderr]    Compiling time v0.1.43
[INFO] [stderr]    Compiling socket2 v0.3.19
[INFO] [stderr]    Compiling atty v0.2.14
[INFO] [stderr]    Compiling idna v0.2.0
[INFO] [stderr]    Compiling stringprep v0.1.2
[INFO] [stderr]    Compiling mime_guess v2.0.3
[INFO] [stderr]    Compiling quote v1.0.7
[INFO] [stderr]    Compiling ring v0.16.16
[INFO] [stderr]    Compiling crossbeam-channel v0.5.0
[INFO] [stderr]    Compiling crossbeam-queue v0.3.1
[INFO] [stderr]    Compiling parking_lot v0.11.1
[INFO] [stderr]    Compiling rand_core v0.6.1
[INFO] [stderr]    Compiling rand_core v0.5.1
[INFO] [stderr]    Compiling generic-array v0.12.3
[INFO] [stderr]    Compiling syn v1.0.60
[INFO] [stderr]    Compiling atoi v0.4.0
[INFO] [stderr]    Compiling rand_chacha v0.3.0
[INFO] [stderr]    Compiling password-hash v0.1.1
[INFO] [stderr]    Compiling url v2.1.1
[INFO] [stderr]    Compiling rand_chacha v0.2.2
[INFO] [stderr]    Compiling sqlformat v0.1.0
[INFO] [stderr]    Compiling env_logger v0.7.1
[INFO] [stderr]    Compiling block-buffer v0.7.3
[INFO] [stderr]    Compiling digest v0.8.1
[INFO] [stderr]    Compiling http-body v0.4.0
[INFO] [stderr]    Compiling headers-core v0.2.0
[INFO] [stderr]    Compiling digest v0.9.0
[INFO] [stderr]    Compiling block-buffer v0.9.0
[INFO] [stderr]    Compiling crypto-mac v0.10.0
[INFO] [stderr]    Compiling cipher v0.2.5
[INFO] [stderr]    Compiling crypto-mac v0.8.0
[INFO] [stderr]    Compiling rand v0.8.3
[INFO] [stderr]    Compiling rand v0.7.3
[INFO] [stderr]    Compiling sha-1 v0.8.2
[INFO] [stderr]    Compiling pretty_env_logger v0.4.0
[INFO] [stderr]    Compiling sha-1 v0.9.3
[INFO] [stderr]    Compiling md-5 v0.9.1
[INFO] [stderr]    Compiling hmac v0.10.1
[INFO] [stderr]    Compiling sha2 v0.9.3
[INFO] [stderr]    Compiling blake2 v0.9.1
[INFO] [stderr]    Compiling blowfish v0.7.0
[INFO] [stderr]    Compiling headers v0.3.2
[INFO] [stderr]    Compiling bcrypt v0.9.0
[INFO] [stderr]    Compiling argon2 v0.1.2
[INFO] [stderr]    Compiling tungstenite v0.12.0
[INFO] [stderr]    Compiling tempfile v3.1.0
[INFO] [stderr]    Compiling multipart v0.17.1
[INFO] [stderr]    Compiling webpki v0.21.3
[INFO] [stderr]    Compiling sct v0.6.0
[INFO] [stderr]    Compiling rustls v0.19.0
[INFO] [stderr]    Compiling webpki-roots v0.21.0
[INFO] [stderr]    Compiling serde_derive v1.0.112
[INFO] [stderr]    Compiling tokio-macros v1.1.0
[INFO] [stderr]    Compiling futures-macro v0.3.5
[INFO] [stderr]    Compiling pin-project-internal v1.0.5
[INFO] [stderr]    Compiling thiserror-impl v1.0.20
[INFO] [stderr]    Compiling thiserror v1.0.20
[INFO] [stderr]    Compiling pin-project v1.0.5
[INFO] [stderr]    Compiling pin-project v0.4.22
[INFO] [stderr]    Compiling futures-util v0.3.5
[INFO] [stderr]    Compiling tracing-futures v0.2.4
[INFO] [stderr]    Compiling tokio-stream v0.1.3
[INFO] [stderr]    Compiling tokio-rustls v0.22.0
[INFO] [stderr]    Compiling tokio-util v0.6.3
[INFO] [stderr]    Compiling sqlx-rt v0.3.0
[INFO] [stderr]    Compiling futures-executor v0.3.5
[INFO] [stderr]    Compiling h2 v0.3.0
[INFO] [stderr]    Compiling tokio-tungstenite v0.13.0
[INFO] [stderr]    Compiling futures v0.3.5
[INFO] [stderr]    Compiling chrono v0.4.11
[INFO] [stderr]    Compiling toml v0.5.6
[INFO] [stderr]    Compiling serde_urlencoded v0.7.0
[INFO] [stderr]    Compiling mustache v0.9.0
[INFO] [stderr]    Compiling sqlx-core v0.5.1
[INFO] [stderr]    Compiling askama_shared v0.10.4
[INFO] [stderr]    Compiling hyper v0.14.4
[INFO] [stderr]    Compiling askama_derive v0.10.3
[INFO] [stderr]    Compiling askama v0.10.3
[INFO] [stderr]    Compiling sqlx-macros v0.5.1
[INFO] [stderr]    Compiling warp v0.3.0
[INFO] [stderr]    Compiling sqlx v0.5.1
[INFO] [stderr]    Compiling user-website v0.1.0 (/opt/rustwide/workdir)
[INFO] [stdout] error: `DATABASE_URL` must be set to use query macros
[INFO] [stdout]   --> src/game/mod.rs:13:29
[INFO] [stdout]    |
[INFO] [stdout] 13 |                   let score = sqlx::query!(
[INFO] [stdout]    |  _____________________________^
[INFO] [stdout] 14 | |                     "UPDATE states
[INFO] [stdout] 15 | |                     SET score = score + 1
[INFO] [stdout] 16 | |                     WHERE user_id = $1
[INFO] [stdout] 17 | |                     RETURNING score",
[INFO] [stdout] 18 | |                     user_id,
[INFO] [stdout] 19 | |                 )
[INFO] [stdout]    | |_________________^
[INFO] [stdout]    |
[INFO] [stdout]    = note: this error originates in a macro (in Nightly builds, run with -Z macro-backtrace for more info)
[INFO] [stdout] 
[INFO] [stdout] 
[INFO] [stdout] error: `DATABASE_URL` must be set to use query macros
[INFO] [stdout]   --> src/game/mod.rs:25:34
[INFO] [stdout]    |
[INFO] [stdout] 25 |                   let scoreboard = sqlx::query_as!(
[INFO] [stdout]    |  __________________________________^
[INFO] [stdout] 26 | |                     ScoreboardEntry,
[INFO] [stdout] 27 | |                     "SELECT username, score
[INFO] [stdout] 28 | |                     FROM states
[INFO] [stdout] 29 | |                     NATURAL JOIN users
[INFO] [stdout] 30 | |                     ORDER BY score DESC",
[INFO] [stdout] 31 | |                 )
[INFO] [stdout]    | |_________________^
[INFO] [stdout]    |
[INFO] [stdout]    = note: this error originates in a macro (in Nightly builds, run with -Z macro-backtrace for more info)
[INFO] [stdout] 
[INFO] [stdout] 
[INFO] [stdout] error: `DATABASE_URL` must be set to use query macros
[INFO] [stdout]   --> src/game/mod.rs:41:29
[INFO] [stdout]    |
[INFO] [stdout] 41 |                   let score = sqlx::query!(
[INFO] [stdout]    |  _____________________________^
[INFO] [stdout] 42 | |                     "SELECT score
[INFO] [stdout] 43 | |                     FROM states
[INFO] [stdout] 44 | |                     WHERE user_id = $1",
[INFO] [stdout] 45 | |                     user_id,
[INFO] [stdout] 46 | |                 )
[INFO] [stdout]    | |_________________^
[INFO] [stdout]    |
[INFO] [stdout]    = note: this error originates in a macro (in Nightly builds, run with -Z macro-backtrace for more info)
[INFO] [stdout] 
[INFO] [stdout] 
[INFO] [stdout] error: `DATABASE_URL` must be set to use query macros
[INFO] [stdout]   --> src/game/mod.rs:52:34
[INFO] [stdout]    |
[INFO] [stdout] 52 |                   let scoreboard = sqlx::query_as!(
[INFO] [stdout]    |  __________________________________^
[INFO] [stdout] 53 | |                     ScoreboardEntry,
[INFO] [stdout] 54 | |                     "SELECT username, score
[INFO] [stdout] 55 | |                     FROM states
[INFO] [stdout] 56 | |                     NATURAL JOIN users
[INFO] [stdout] 57 | |                     ORDER BY score DESC",
[INFO] [stdout] 58 | |                 )
[INFO] [stdout]    | |_________________^
[INFO] [stdout]    |
[INFO] [stdout]    = note: this error originates in a macro (in Nightly builds, run with -Z macro-backtrace for more info)
[INFO] [stdout] 
[INFO] [stdout] 
[INFO] [stdout] error: `DATABASE_URL` must be set to use query macros
[INFO] [stdout]   --> src/model/session.rs:35:9
[INFO] [stdout]    |
[INFO] [stdout] 35 | /         sqlx::query_as!(
[INFO] [stdout] 36 | |             User,
[INFO] [stdout] 37 | |             "SELECT username, password
[INFO] [stdout] 38 | |             FROM users
[INFO] [stdout] 39 | |             WHERE user_id = $1",
[INFO] [stdout] 40 | |             self.cookie.user_id
[INFO] [stdout] 41 | |         )
[INFO] [stdout]    | |_________^
[INFO] [stdout]    |
[INFO] [stdout]    = note: this error originates in a macro (in Nightly builds, run with -Z macro-backtrace for more info)
[INFO] [stdout] 
[INFO] [stdout] 
[INFO] [stdout] error: `DATABASE_URL` must be set to use query macros
[INFO] [stdout]   --> src/model/session.rs:69:9
[INFO] [stdout]    |
[INFO] [stdout] 69 | /         sqlx::query!(
[INFO] [stdout] 70 | |             "UPDATE sessions
[INFO] [stdout] 71 | |             SET user_id = (
[INFO] [stdout] 72 | |                 SELECT user_id
[INFO] [stdout] ...  |
[INFO] [stdout] 78 | |             user.username,
[INFO] [stdout] 79 | |         )
[INFO] [stdout]    | |_________^
[INFO] [stdout]    |
[INFO] [stdout]    = note: this error originates in a macro (in Nightly builds, run with -Z macro-backtrace for more info)
[INFO] [stdout] 
[INFO] [stdout] 
[INFO] [stdout] error: `DATABASE_URL` must be set to use query macros
[INFO] [stdout]   --> src/model/session.rs:87:9
[INFO] [stdout]    |
[INFO] [stdout] 87 | /         sqlx::query!(
[INFO] [stdout] 88 | |             "UPDATE sessions
[INFO] [stdout] 89 | |             SET user_id = NULL
[INFO] [stdout] 90 | |             WHERE session_id = $1",
[INFO] [stdout] 91 | |             self.cookie.session_id,
[INFO] [stdout] 92 | |         )
[INFO] [stdout]    | |_________^
[INFO] [stdout]    |
[INFO] [stdout]    = note: this error originates in a macro (in Nightly builds, run with -Z macro-backtrace for more info)
[INFO] [stdout] 
[INFO] [stdout] 
[INFO] [stdout] error: `DATABASE_URL` must be set to use query macros
[INFO] [stdout]    --> src/model/session.rs:101:9
[INFO] [stdout]     |
[INFO] [stdout] 101 | /         sqlx::query!(
[INFO] [stdout] 102 | |             "UPDATE users
[INFO] [stdout] 103 | |             SET username = $1
[INFO] [stdout] 104 | |             WHERE user_id = $2",
[INFO] [stdout] 105 | |             username,
[INFO] [stdout] 106 | |             self.cookie.user_id,
[INFO] [stdout] 107 | |         )
[INFO] [stdout]     | |_________^
[INFO] [stdout]     |
[INFO] [stdout]     = note: this error originates in a macro (in Nightly builds, run with -Z macro-backtrace for more info)
[INFO] [stdout] 
[INFO] [stdout] 
[INFO] [stdout] error: `DATABASE_URL` must be set to use query macros
[INFO] [stdout]    --> src/model/session.rs:115:9
[INFO] [stdout]     |
[INFO] [stdout] 115 | /         sqlx::query!(
[INFO] [stdout] 116 | |             "UPDATE users
[INFO] [stdout] 117 | |             SET password = $1
[INFO] [stdout] 118 | |             WHERE user_id = $2",
[INFO] [stdout] 119 | |             super::user::hash(password).await,
[INFO] [stdout] 120 | |             self.cookie.user_id,
[INFO] [stdout] 121 | |         )
[INFO] [stdout]     | |_________^
[INFO] [stdout]     |
[INFO] [stdout]     = note: this error originates in a macro (in Nightly builds, run with -Z macro-backtrace for more info)
[INFO] [stdout] 
[INFO] [stdout] 
[INFO] [stdout] error: `DATABASE_URL` must be set to use query macros
[INFO] [stdout]    --> src/model/session.rs:147:13
[INFO] [stdout]     |
[INFO] [stdout] 147 | /             sqlx::query_as!(
[INFO] [stdout] 148 | |                 Cookie,
[INFO] [stdout] 149 | |                 "SELECT *
[INFO] [stdout] 150 | |                 FROM sessions
[INFO] [stdout] ...   |
[INFO] [stdout] 153 | |                 id
[INFO] [stdout] 154 | |             )
[INFO] [stdout]     | |_____________^
[INFO] [stdout]     |
[INFO] [stdout]     = note: this error originates in a macro (in Nightly builds, run with -Z macro-backtrace for more info)
[INFO] [stdout] 
[INFO] [stdout] 
[INFO] [stdout] error: `DATABASE_URL` must be set to use query macros
[INFO] [stdout]    --> src/model/session.rs:167:26
[INFO] [stdout]     |
[INFO] [stdout] 167 |               let cookie = sqlx::query_as!(
[INFO] [stdout]     |  __________________________^
[INFO] [stdout] 168 | |                 Cookie,
[INFO] [stdout] 169 | |                 "INSERT INTO sessions (session_id)
[INFO] [stdout] 170 | |                 VALUES ($1)
[INFO] [stdout] 171 | |                 RETURNING *",
[INFO] [stdout] 172 | |                 Cookie::random_id(),
[INFO] [stdout] 173 | |             )
[INFO] [stdout]     | |_____________^
[INFO] [stdout]     |
[INFO] [stdout]     = note: this error originates in a macro (in Nightly builds, run with -Z macro-backtrace for more info)
[INFO] [stdout] 
[INFO] [stdout] 
[INFO] [stdout] error: `DATABASE_URL` must be set to use query macros
[INFO] [stdout]   --> src/model/user.rs:17:5
[INFO] [stdout]    |
[INFO] [stdout] 17 | /     sqlx::query!(
[INFO] [stdout] 18 | |         "INSERT INTO states (user_id)
[INFO] [stdout] 19 | |         VALUES ($1)",
[INFO] [stdout] 20 | |         user_id,
[INFO] [stdout] 21 | |     )
[INFO] [stdout]    | |_____^
[INFO] [stdout]    |
[INFO] [stdout]    = note: this error originates in a macro (in Nightly builds, run with -Z macro-backtrace for more info)
[INFO] [stdout] 
[INFO] [stdout] 
[INFO] [stdout] error: `DATABASE_URL` must be set to use query macros
[INFO] [stdout]    --> src/model/user.rs:172:20
[INFO] [stdout]     |
[INFO] [stdout] 172 |           let user = sqlx::query!(
[INFO] [stdout]     |  ____________________^
[INFO] [stdout] 173 | |             "INSERT INTO users (username, password)
[INFO] [stdout] 174 | |             VALUES ($1, $2)
[INFO] [stdout] 175 | |             RETURNING username, password, user_id",
[INFO] [stdout] 176 | |             self.username,
[INFO] [stdout] 177 | |             password,
[INFO] [stdout] 178 | |         )
[INFO] [stdout]     | |_________^
[INFO] [stdout]     |
[INFO] [stdout]     = note: this error originates in a macro (in Nightly builds, run with -Z macro-backtrace for more info)
[INFO] [stdout] 
[INFO] [stdout] 
[INFO] [stdout] error: `DATABASE_URL` must be set to use query macros
[INFO] [stdout]    --> src/model/user.rs:209:25
[INFO] [stdout]     |
[INFO] [stdout] 209 |           let mut users = sqlx::query_as!(
[INFO] [stdout]     |  _________________________^
[INFO] [stdout] 210 | |             User,
[INFO] [stdout] 211 | |             "SELECT username, password
[INFO] [stdout] 212 | |             FROM users
[INFO] [stdout] 213 | |             WHERE username = $1",
[INFO] [stdout] 214 | |             self.username
[INFO] [stdout] 215 | |         )
[INFO] [stdout]     | |_________^
[INFO] [stdout]     |
[INFO] [stdout]     = note: this error originates in a macro (in Nightly builds, run with -Z macro-backtrace for more info)
[INFO] [stdout] 
[INFO] [stdout] 
[INFO] [stdout] error: `DATABASE_URL` must be set to use query macros
[INFO] [stdout]    --> src/model/user.rs:242:9
[INFO] [stdout]     |
[INFO] [stdout] 242 | /         sqlx::query!(
[INFO] [stdout] 243 | |             "DELETE FROM users
[INFO] [stdout] 244 | |             WHERE username = $1",
[INFO] [stdout] 245 | |             self.username,
[INFO] [stdout] 246 | |         )
[INFO] [stdout]     | |_________^
[INFO] [stdout]     |
[INFO] [stdout]     = note: this error originates in a macro (in Nightly builds, run with -Z macro-backtrace for more info)
[INFO] [stdout] 
[INFO] [stdout] 
[INFO] [stderr]    --> in struct Account
[INFO] [stderr]    = use of deprecated field '_parent'
[INFO] [stderr]    --> in struct Game
[INFO] [stderr]    = use of deprecated field '_parent'
[INFO] [stderr]    --> in struct Index
[INFO] [stderr]    = use of deprecated field '_parent'
[INFO] [stderr]    --> in struct Signin
[INFO] [stderr]    = use of deprecated field '_parent'
[INFO] [stderr]    --> in struct Signup
[INFO] [stderr]    = use of deprecated field '_parent'
[INFO] [stdout] error[E0412]: cannot find type `Land` in this scope
[INFO] [stdout]   --> src/game/message.rs:71:20
[INFO] [stdout]    |
[INFO] [stdout] 67 | pub enum ServerMessage {
[INFO] [stdout]    |                       - help: you might be missing a type parameter: `<Land>`
[INFO] [stdout] ...
[INFO] [stdout] 71 |     UpdateLand(Vec<Land>),
[INFO] [stdout]    |                    ^^^^ not found in this scope
[INFO] [stdout] 
[INFO] [stdout] 
[INFO] [stdout] error[E0412]: cannot find type `Land` in this scope
[INFO] [stdout]   --> src/game/message.rs:71:20
[INFO] [stdout]    |
[INFO] [stdout] 71 |     UpdateLand(Vec<Land>),
[INFO] [stdout]    |                    ^^^^ not found in this scope
[INFO] [stdout] 
[INFO] [stdout] 
[INFO] [stdout] warning: unused imports: `DateTime`, `Utc`
[INFO] [stdout]  --> src/game/message.rs:5:14
[INFO] [stdout]   |
[INFO] [stdout] 5 | use chrono::{DateTime, Utc};
[INFO] [stdout]   |              ^^^^^^^^  ^^^
[INFO] [stdout]   |
[INFO] [stdout]   = note: `#[warn(unused_imports)]` on by default
[INFO] [stdout] 
[INFO] [stdout] 
[INFO] [stdout] warning: unused import: `Error`
[INFO] [stdout]  --> src/game/mod.rs:4:33
[INFO] [stdout]   |
[INFO] [stdout] 4 | use crate::{database::get_pool, Error};
[INFO] [stdout]   |                                 ^^^^^
[INFO] [stdout] 
[INFO] [stdout] 
[INFO] [stdout] error[E0308]: mismatched types
[INFO] [stdout]    --> src/model/session.rs:223:9
[INFO] [stdout]     |
[INFO] [stdout] 223 | /         format!(
[INFO] [stdout] 224 | |             "session-id={}; Path=/; Max-Age={}; HttpOnly; SameSite=Strict",
[INFO] [stdout] 225 | |             session.cookie.session_id,
[INFO] [stdout] 226 | |             session
[INFO] [stdout] ...   |
[INFO] [stdout] 232 | |                 .as_secs(),
[INFO] [stdout] 233 | |         ),
[INFO] [stdout]     | |_________^ expected struct `HeaderValue`, found struct `std::string::String`
[INFO] [stdout]     |
[INFO] [stdout]     = note: this error originates in a macro (in Nightly builds, run with -Z macro-backtrace for more info)
[INFO] [stdout] 
[INFO] [stdout] 
[INFO] [stdout] error[E0308]: mismatched types
[INFO] [stdout]    --> src/model/session.rs:238:9
[INFO] [stdout]     |
[INFO] [stdout] 238 | /         format!(
[INFO] [stdout] 239 | |             "flashes={}; Path=/; Max-Age={}; HttpOnly; SameSite=Strict",
[INFO] [stdout] 240 | |             encode(&session.flashes.join("|")),
[INFO] [stdout] 241 | |             if session.flashes.is_empty() { 0 } else { 60 }
[INFO] [stdout] 242 | |         ),
[INFO] [stdout]     | |_________^ expected struct `HeaderValue`, found struct `std::string::String`
[INFO] [stdout]     |
[INFO] [stdout]     = note: this error originates in a macro (in Nightly builds, run with -Z macro-backtrace for more info)
[INFO] [stdout] 
[INFO] [stdout] 
[INFO] [stdout] error: aborting due to 19 previous errors; 2 warnings emitted
[INFO] [stdout] 
[INFO] [stdout] 
[INFO] [stdout] Some errors have detailed explanations: E0308, E0412.
[INFO] [stdout] 
[INFO] [stdout] For more information about an error, try `rustc --explain E0308`.
[INFO] [stdout] 
[INFO] [stderr] error: could not compile `user-website`
[INFO] [stderr] 
[INFO] [stderr] To learn more, run the command again with --verbose.
[INFO] running `Command { std: "docker" "inspect" "176e0ac35c6750e71d4b74cddf51a2c0af10f5a27ba5bb6ea7782b9112d07e5c", kill_on_drop: false }`
[INFO] running `Command { std: "docker" "rm" "-f" "176e0ac35c6750e71d4b74cddf51a2c0af10f5a27ba5bb6ea7782b9112d07e5c", kill_on_drop: false }`
[INFO] [stdout] 176e0ac35c6750e71d4b74cddf51a2c0af10f5a27ba5bb6ea7782b9112d07e5c
